e p(o).
8
Let v(j) = 5*j**2 + 11*j + 7. Let u(a) = -2*a**2 - 4*a - 2. Let t(r) = -8*u(r) - 3*v(r). Let m = -8 + 12. Give t(m).
7
Let o(x) = -2 + x**2 + 4 + 3 + 3*x - 6. What is o(-2)?
-3
Let u be (-1)/(9/(-5) - -2). Let o(c) be the third derivative of -c**4/12 - 7*c**3/6 + 13*c**2. What is o(u)?
3
Let n(s) = -s - 4*s + 2*s. Let x(r) = r**2 + 11*r - 16. Let g be x(-12). Let t be 6/g*4/(-3). Give n(t).
-6
Let w(c) = 11*c**2 - 4*c. Suppose 0 = 3*u - 13 + 4. Let z(y) = -4*y**2 + y. Let x(n) = u*w(n) + 8*z(n). Calculate x(3).
-3
Suppose 4*n - n = 6. Suppose 4*w = -2*a + 22, 3*a = -0*a - 5*w + 28. Let d(b) = b - b**2 - b**2 + a - 1. Calculate d(n).
-6
Let d be -1 + (4 - 0 - 2). Let u(v) = 2*v**3 + v**2 - v + 1. Let k be u(d). Let y(c) = 2*c**2 + 5 - 7*c**2 + 15*c**k + c - 16*c**3. Calculate y(-5).
0
Suppose -3*q = -8 - 1. Let o(b) = b**2 + 3*b - 3. Let i(g) = -2*g + 0*g + 2*g**2 + 2*g + 3*g - 3. Let w(s) = 2*i(s) - 3*o(s). What is w(q)?
3
Let j(f) = -f**2 + 5*f + 6. Suppose -2*q + 4*p = -6, 4*q = -5*p + 13 + 12. What is j(q)?
6
Let p be (9/5)/(2/10). Let y(k) = p + 4*k**2 - k**3 + 5*k + 0 - 3. Determine y(5).
6
Let w(c) = -11*c**2 + 8*c + 2. Let y be 18/10 + 4/20. Let l(m) = -m + 2*m**y - 7*m**2 + 1 + 5*m. Let r(x) = 13*l(x) - 6*w(x). Calculate r(-3).
-2
Suppose 5*x = -5, -2*x - 1 = i - 4. Let g(n) = -n**2 - 8*n - 4. Let w be g(-6). Let l(t) = 4 - w*t + 2 - 3 + 4 + t**2. Determine l(i).
-8
Suppose p - d = d, -5*d = 5*p + 30. Let m = -1 + 3. Let g(v) = m*v + 1 + 3*v - 6*v. Determine g(p).
5
Let f = 3 - 5. Let k(a) = -5*a**3 + a - 1. Let w(l) = l**3. Let t(b) = k(b) + 4*w(b). Determine t(f).
5
Let h = -6 + 6. Let v(i) = i + 6. Determine v(h).
6
Let h(n) = -3 + 2 - 4*n + 2*n + 2. Give h(4).
-7
Let t(k) = 4*k**3 - 4*k**2 - k + 3. Let q(g) = 11*g**3 - 11*g**2 - 3*g + 10. Let w(p) = 3*q(p) - 8*t(p). Give w(0).
6
Let z(x) be the first derivative of -x**3/3 - 2*x**2 + 7*x + 4. Calculate z(-5).
2
Let t(p) = p**2 - 9*p + 8. Let n be t(8). Suppose n*j - j - 5 = 0. Let x(b) = b**3 + 5*b**2 + b - 1. Calculate x(j).
-6
Let v(k) = -k**2 - k - 1. Let w(a) = -1. Let s(m) = m**3 + 8*m**2 + 6*m - 9. Let t be s(-7). Let q(c) = t*w(c) + v(c). What is q(2)?
-5
Let g(w) = 2*w**2. Let h be (-2 + 0 - -3)*(-9 - -8). Give g(h).
2
Let a(c) be the third derivative of -c**4/12 - 3*c**3/2 - 29*c**2. Determine a(-7).
5
Let z(q) = -q**3 - 4*q**2 - 6*q - 10. Let v be z(-3). Let s(r) = 8*r**2 - 1. Calculate s(v).
7
Let b(v) = -2. Let g(h) = -12. Let c(t) = 34*b(t) - 6*g(t). Let x(l) = l + 4 - 3 + 6 - 2. Let r(n) = -4*c(n) + 3*x(n). Give r(1).
2
Let j(p) = -p - 1. Let q(i) = -5*i - 5. Let k(f) = 9*j(f) - 2*q(f). Let a be (1/2)/(1/(-10)). Give k(a).
-4
Let p(j) = -2*j + 0*j**2 + 6*j**2 - 3*j**2 - 2*j**2 - 1. What is p(-2)?
7
Let a(x) = -x**3 + 4*x**2 + 5*x - 5. Suppose 3*b - 9 = -3. Let u = 3 + b. Let k be a(u). Let z(d) = -d**2 - 7*d - 1. What is z(k)?
9
Let x(m) = m + 6. Let i = -30 + 27. Give x(i).
3
Suppose -5*c + 15 = -2*c. Let w(s) = -s**2 + 5*s + 5. Give w(c).
5
Let i(o) = o + 5. Let h(w) = -3*w - 14. Let c(f) = -4*h(f) - 11*i(f). Let t be 2 - (4 - 2/2). What is c(t)?
0
Let r(z) = -z - 5. Let a = 10 + -5. Let x = -5 + a. Give r(x).
-5
Let a(m) = -3*m - 1. Suppose l - 2 = n, 4*l = 3*n + 10 - 2. Calculate a(l).
-7
Let c = -15 + 21. Let n = -3 + c. Let f(o) = o**3 - 3*o**2 + 3*o - 3. Calculate f(n).
6
Let b(u) = 3 - 3*u**2 - 3*u - u + 4*u**2 + 0*u. Give b(4).
3
Suppose 2*a - 6 = -0*a. Let q = a + 1. Let m(b) be the first derivative of b**4/4 - b**3 - b**2/2 - 5*b - 2. Calculate m(q).
7
Let c(t) = 3 - 3*t + 3*t - t. Let o = 5 - -10. Suppose 6 = 3*i, k + 5*i - o = -0*k. Give c(k).
-2
Let z be 0/1 + (-4)/4. Let p = 0 - z. Let s(v) = -11*v**3 + 1. Determine s(p).
-10
Let n(q) = -2*q**2 - 5*q. Suppose 9 = -3*b - 6. What is n(b)?
-25
Suppose -3*c + 24 = 3*c. Suppose c*w + 5 = 21. Let g(i) = i**3 - 5*i**2 + 6*i. Give g(w).
8
Let t(h) = -h**3 + 19*h**2 + 2*h + 10. Let w(u) = -6*u**2 - u - 3. Let b(s) = 2*t(s) + 7*w(s). Determine b(-2).
5
Let j(v) be the first derivative of v**2/2 - v + 2. Calculate j(-6).
-7
Let a(n) = -5*n**3 - n**2. Let z(f) = f**3 - f. Let m(t) = a(t) + z(t). Let i(d) = d**3 + 5*d**2 + 2*d - 9. Let h be i(-4). Give m(h).
4
Let i(d) be the first derivative of 1/2*d**2 - 5 + 2*d. Let p = -9 - -5. Determine i(p).
-2
Let o(t) = -t. Let z(r) = r**3 + 5*r**2 - 3*r - 6. Let w be z(-5). Let i = 6 - w. Let j(a) = a - 1. Let q be j(i). What is o(q)?
4
Let p(j) = j - 2. Suppose 3*y = -0*n - n, 4*y + 8 = 0. Let m(o) = -3 + 3 + 1. Let t(c) = n*m(c) + p(c). Determine t(-3).
1
Let t(l) = -2*l - l**2 + 10*l**2 - 10*l**2 + 6*l. What is t(3)?
3
Let n = -7 + 6. Let k(h) = -5*h + 5*h - h. Give k(n).
1
Let s(b) = 2*b + 3*b - b. Let x be (-2)/7 + ((-180)/(-42) - 3). What is s(x)?
4
Suppose f - 5*u = 0, -5*f = -2*f + u. Let n = 4 + 1. Let w(i) = 4*i + 0 + 1 - n*i. What is w(f)?
1
Suppose -2*q + 2 = -5*b + 3*b, -3*q + 2 = -4*b. Let d(z) = -17*z**2 + 41*z - 25. Let g(o) = -4*o**2 + 10*o - 6. Let c(f) = q*d(f) - 9*g(f). What is c(5)?
14
Let u be (3/(-2))/((-3)/4). Let w(s) = -5*s**3 + 6*s**u - 2 - 3*s**2 + 3*s + 4*s**3 - s**2. What is w(3)?
-2
Let y(j) be the second derivative of 7*j - 2/3*j**3 - 3/2*j**2 + 0. Calculate y(-2).
5
Let d(i) = -i**2 - 5*i - 6. Let l(b) = -2*b**2 - 2*b - 1. Let c be l(-2). What is d(c)?
-6
Let s(i) be the second derivative of -1/60*i**6 - 1/6*i**3 - 3/2*i**2 + 0*i**5 + 0 - 3*i - 1/24*i**4. Let k(w) be the first derivative of s(w). Determine k(-1).
2
Suppose -h + 9 = m - 1, 0 = -5*m + 5*h. Suppose -3*u + 2*u - m = -4*x, 2*x = 4*u + 20. Let l(i) be the second derivative of i**3/3 + 2*i**2 - i. What is l(u)?
-6
Let h(g) = g**2 - 8*g + 6. Let r(s) = -s**3 + 3*s**2 + 6*s - 2. Suppose 8 = -4*q, -i + 8*q = 4*q - 8. Suppose -3*j + 6*j - 12 = i. Let l be r(j). Give h(l).
-6
Let a(n) = -3*n**3 + 2*n**2 - 3*n - 7. Let y = 7 - 11. Let k(d) = 4*d**3 - d**2 + 2*d + 7. Let m(q) = y*k(q) - 5*a(q). Calculate m(-7).
7
Suppose -4*p = -2*a - 12, 4*a + 9 - 1 = 0. Let z(y) = -4*y - 2. Give z(p).
-10
Let j be 1 + 4 - (2 - 0). Let v(u) = -u - 2. Calculate v(j).
-5
Let p(z) = 19*z + 7. Let r(d) = -29*d - 11. Let l(s) = 8*p(s) + 5*r(s). Determine l(-2).
-13
Let d(i) = i. Suppose -64 = -2*w - 0*w. Let c be (15/(-12))/((-2)/w). Suppose r = g - 5, -5*g + c = -4*r - 0. Calculate d(r).
-5
Suppose -14 + 2 = 3*o. Let l(f) = -3*f**2 + 8*f + 2. Let w(c) = 2*c**2 - 7*c - 1. Suppose 5 = 4*s - 11. Let x(h) = s*w(h) + 3*l(h). Give x(o).
2
Let v(j) be the third derivative of j**4/24 - 2*j**3/3 + 14*j**2. Give v(0).
-4
Suppose -t + 23 = -5*z + 3, 4*z + 16 = -2*t. Let h(p) = p + t*p + 2*p + p**3 - 1 - 4*p**2. Calculate h(2).
-3
Suppose 0*l = 5*l - 10. Let h(x) = -2 - 5*x + l*x + x + 4*x. Calculate h(2).
2
Let b(f) = f**2 - 2*f - 5. Let t = -4 + 8. What is b(t)?
3
Let c(n) = -n**3 + 5*n**2 + 2*n - 1. Suppose -3*k + 28 - 6 = -5*i, -2*k = i - 6. Calculate c(k).
23
Suppose 0 = 3*u - 3*q + 9, -3*q + q = 3*u - 16. Let i(v) = -6 + 5*v - 1 - v**3 + 3 + 3*v**u. Give i(4).
0
Suppose 0*j = -5*j. Suppose -6*h + 3*h = j. Let m(i) = 4 + 3*i + h*i - 4*i. Determine m(5).
-1
Suppose -5*n - 2*r = 3*r - 55, -4*r = -3*n + 12. Let m be 3/2*n/(-12). Let c be (m + 1)*(-1 - 0). Let z(p) = -p**3 - p**2 + p + 5. What is z(c)?
5
Let v(f) = 5*f - 1. Let o be (-7 - -3)/4 + -2 + 4. What is v(o)?
4
Let v be (-5 - -1 - -6)/(2/3). Let t(m) be the second derivative of -3/2*m**2 + 0 + m - 1/2*m**v. What is t(-3)?
6
Suppose 10 + 6 = 4*d. Let v(n) = -2*n - d*n - 8 + 2*n + 5*n. Suppose 4*i - 5*f - 1 = 3*i, -3*i = -4*f - 14. Determine v(i).
-2
Let b(g) = -g - 1. Let l(n) = -3*n**2 + 3*n + 5. Let s(d) = -5*b(d) - l(d). Suppose 2*y - 5*t = 16, -2 = -y + 3*t - 2*t. What is s(y)?
8
Let i(v) = 4*v**2 - 1. Let y be i(-1). Let d be y/12 + (-9)/4. Let b(h) = h**3 + h**2 + h. What is b(d)?
-6
Let j(x) be the first derivative of -9*x**4/4 + x**3/3 - x**2 + x + 2. Give j(1).
-9
Let c(d) = -d**2 + d. Let i(p) be the second derivative of -5*p**4/12 + 11*p**3/6 - 2*p**2 + 3*p. Let q(f) = -6*c(f) + i(f). What is q(-5)?
-4
Let h(n) be the first derivative of -n**3/3 + 3*n**2 + 6*n + 7. Determine h(5).
11
Let i(a) be the second derivative of 0*a**2 + 0 + 5/4*a**4 - 6*a + 1/6*a**3. Determine i(-1).
14
Let c = 71 - 68. Let m(y) = -y**3 + 5*y**2 - 4*y. Calculat